{"id":7,"date":"2022-09-27T10:19:06","date_gmt":"2022-09-27T10:19:06","guid":{"rendered":"https:\/\/onit.oeaw.ac.at\/?page_id=7"},"modified":"2024-10-31T14:34:03","modified_gmt":"2024-10-31T14:34:03","slug":"home","status":"publish","type":"page","link":"https:\/\/onit.oeaw.ac.at\/","title":{"rendered":"Home"},"content":{"rendered":"\t\t<div data-elementor-type=\"wp-page\" data-elementor-id=\"7\" class=\"elementor elementor-7\">\n\t\t\t\t\t\t<section class=\"elementor-section elementor-top-section elementor-element elementor-element-59ddb94 elementor-section-full_width elementor-section-height-default elementor-section-height-default\" data-id=\"59ddb94\" data-element_type=\"section\" data-e-type=\"section\">\n\t\t\t\t\t\t<div class=\"elementor-container elementor-column-gap-no\">\n\t\t\t\t\t<div class=\"elementor-column elementor-col-100 elementor-top-column elementor-element elementor-element-a29ccb6\" data-id=\"a29ccb6\" data-element_type=\"column\" data-e-type=\"column\">\n\t\t\t<div class=\"elementor-widget-wrap elementor-element-populated\">\n\t\t\t\t\t\t<div class=\"elementor-element elementor-element-da4f123 elementor-widget elementor-widget-image\" data-id=\"da4f123\" data-element_type=\"widget\" data-e-type=\"widget\" data-widget_type=\"image.default\">\n\t\t\t\t<div class=\"elementor-widget-container\">\n\t\t\t\t\t\t\t\t\t\t\t\t\t\t\t<img fetchpriority=\"high\" decoding=\"async\" width=\"1920\" height=\"540\" src=\"https:\/\/onit.oeaw.ac.at\/wp-content\/uploads\/2022\/09\/Home-14.47.14.webp\" class=\"attachment-full size-full wp-image-162\" alt=\"Ansicht von Konstantinopel\" srcset=\"https:\/\/onit.oeaw.ac.at\/wp-content\/uploads\/2022\/09\/Home-14.47.14.webp 1920w, https:\/\/onit.oeaw.ac.at\/wp-content\/uploads\/2022\/09\/Home-14.47.14-300x84.webp 300w, https:\/\/onit.oeaw.ac.at\/wp-content\/uploads\/2022\/09\/Home-14.47.14-1024x288.webp 1024w, https:\/\/onit.oeaw.ac.at\/wp-content\/uploads\/2022\/09\/Home-14.47.14-768x216.webp 768w, https:\/\/onit.oeaw.ac.at\/wp-content\/uploads\/2022\/09\/Home-14.47.14-1536x432.webp 1536w\" sizes=\"(max-width: 1920px) 100vw, 1920px\" \/>\t\t\t\t\t\t\t\t\t\t\t\t\t\t\t<\/div>\n\t\t\t\t<\/div>\n\t\t\t\t\t<\/div>\n\t\t<\/div>\n\t\t\t\t\t<\/div>\n\t\t<\/section>\n\t\t\t\t<section class=\"elementor-section elementor-top-section elementor-element elementor-element-10f9aaf elementor-section-boxed elementor-section-height-default elementor-section-height-default\" data-id=\"10f9aaf\" data-element_type=\"section\" data-e-type=\"section\">\n\t\t\t\t\t\t<div class=\"elementor-container elementor-column-gap-default\">\n\t\t\t\t\t<div class=\"elementor-column elementor-col-100 elementor-top-column elementor-element elementor-element-634f560\" data-id=\"634f560\" data-element_type=\"column\" data-e-type=\"column\">\n\t\t\t<div class=\"elementor-widget-wrap elementor-element-populated\">\n\t\t\t\t\t\t<div class=\"elementor-element elementor-element-1e1a129 elementor-widget elementor-widget-heading\" data-id=\"1e1a129\" data-element_type=\"widget\" data-e-type=\"widget\" data-widget_type=\"heading.default\">\n\t\t\t\t<div class=\"elementor-widget-container\">\n\t\t\t\t\t<h2 class=\"elementor-heading-title elementor-size-default\">Welcome to the ONiT Project!<\/h2>\t\t\t\t<\/div>\n\t\t\t\t<\/div>\n\t\t\t\t\t<\/div>\n\t\t<\/div>\n\t\t\t\t\t<\/div>\n\t\t<\/section>\n\t\t\t\t<section class=\"elementor-section elementor-top-section elementor-element elementor-element-85ac47f elementor-section-boxed elementor-section-height-default elementor-section-height-default\" data-id=\"85ac47f\" data-element_type=\"section\" data-e-type=\"section\">\n\t\t\t\t\t\t<div class=\"elementor-container elementor-column-gap-default\">\n\t\t\t\t\t<div class=\"elementor-column elementor-col-100 elementor-top-column elementor-element elementor-element-2ae73f5\" data-id=\"2ae73f5\" data-element_type=\"column\" data-e-type=\"column\">\n\t\t\t<div class=\"elementor-widget-wrap elementor-element-populated\">\n\t\t\t\t\t\t<div class=\"elementor-element elementor-element-f93c197 elementor-widget elementor-widget-spacer\" data-id=\"f93c197\" data-element_type=\"widget\" data-e-type=\"widget\" data-widget_type=\"spacer.default\">\n\t\t\t\t<div class=\"elementor-widget-container\">\n\t\t\t\t\t\t\t<div class=\"elementor-spacer\">\n\t\t\t<div class=\"elementor-spacer-inner\"><\/div>\n\t\t<\/div>\n\t\t\t\t\t\t<\/div>\n\t\t\t\t<\/div>\n\t\t\t\t<div class=\"elementor-element elementor-element-63d7688 elementor-widget elementor-widget-text-editor\" data-id=\"63d7688\" data-element_type=\"widget\" data-e-type=\"widget\" data-widget_type=\"text-editor.default\">\n\t\t\t\t<div class=\"elementor-widget-container\">\n\t\t\t\t\t\t\t\t\t<p>This interdisciplinary Digital Humanities project analyzes Ottoman \u201cnature\u201d&nbsp; in travelogues on the Ottoman empire, printed between 1501 and 1850.&nbsp;<\/p>\n<p>The leading questions are what role representations of nature played in the reports, whether and, if so, why differences occurred in diachronic and synchronic perspectives, and how the texts and images related to each other. This analysis aims to shed new light on transnational environmental and natural history.<\/p>\t\t\t\t\t\t\t\t<\/div>\n\t\t\t\t<\/div>\n\t\t\t\t<div class=\"elementor-element elementor-element-e298d22 elementor-widget elementor-widget-spacer\" data-id=\"e298d22\" data-element_type=\"widget\" data-e-type=\"widget\" data-widget_type=\"spacer.default\">\n\t\t\t\t<div class=\"elementor-widget-container\">\n\t\t\t\t\t\t\t<div class=\"elementor-spacer\">\n\t\t\t<div class=\"elementor-spacer-inner\"><\/div>\n\t\t<\/div>\n\t\t\t\t\t\t<\/div>\n\t\t\t\t<\/div>\n\t\t\t\t<div class=\"elementor-element elementor-element-84de57e elementor-widget elementor-widget-heading\" data-id=\"84de57e\" data-element_type=\"widget\" data-e-type=\"widget\" data-widget_type=\"heading.default\">\n\t\t\t\t<div class=\"elementor-widget-container\">\n\t\t\t\t\t<h2 class=\"elementor-heading-title elementor-size-default\"><a href=\"https:\/\/onit.oeaw.ac.at\/?page_id=332\">News<\/a><\/h2>\t\t\t\t<\/div>\n\t\t\t\t<\/div>\n\t\t\t\t<div class=\"elementor-element elementor-element-070fadc elementor-widget elementor-widget-spacer\" data-id=\"070fadc\" data-element_type=\"widget\" data-e-type=\"widget\" data-widget_type=\"spacer.default\">\n\t\t\t\t<div class=\"elementor-widget-container\">\n\t\t\t\t\t\t\t<div class=\"elementor-spacer\">\n\t\t\t<div class=\"elementor-spacer-inner\"><\/div>\n\t\t<\/div>\n\t\t\t\t\t\t<\/div>\n\t\t\t\t<\/div>\n\t\t\t\t\t<\/div>\n\t\t<\/div>\n\t\t\t\t\t<\/div>\n\t\t<\/section>\n\t\t\t\t<section class=\"elementor-section elementor-top-section elementor-element elementor-element-9278237 elementor-section-boxed elementor-section-height-default elementor-section-height-default\" data-id=\"9278237\" data-element_type=\"section\" data-e-type=\"section\">\n\t\t\t\t\t\t<div class=\"elementor-container elementor-column-gap-default\">\n\t\t\t\t\t<div class=\"elementor-column elementor-col-100 elementor-top-column elementor-element elementor-element-84da31d\" data-id=\"84da31d\" data-element_type=\"column\" data-e-type=\"column\">\n\t\t\t<div class=\"elementor-widget-wrap elementor-element-populated\">\n\t\t\t\t\t\t<div class=\"elementor-element elementor-element-85828ac premium-blog-align-center elementor-widget elementor-widget-premium-addon-blog\" data-id=\"85828ac\" data-element_type=\"widget\" data-e-type=\"widget\" data-settings=\"{&quot;force_height&quot;:&quot;true&quot;,&quot;premium_blog_columns_number&quot;:&quot;33.33%&quot;,&quot;premium_blog_grid&quot;:&quot;yes&quot;,&quot;premium_blog_layout&quot;:&quot;even&quot;,&quot;premium_blog_columns_number_tablet&quot;:&quot;50%&quot;,&quot;premium_blog_columns_number_mobile&quot;:&quot;100%&quot;}\" data-widget_type=\"premium-addon-blog.default\">\n\t\t\t\t<div class=\"elementor-widget-container\">\n\t\t\t\t\t\n\t\t\n\n\t\t\t\t<div class=\"premium-blog-wrap  premium-blog-even\" data-page=\"7\">\n\t\t\t\t\t\t\t\t\t<div class=\"premium-blog-post-outer-container\" data-total=\"9\">\n\t\t\t<div class=\"premium-blog-post-container premium-blog-skin-classic\">\n\t\t\t\t\t\t\t\t\t<div class=\"premium-blog-thumb-effect-wrapper\">\n\t\t\t\t\t\t<div class=\"premium-blog-thumbnail-container premium-blog-none-effect\">\n\t\t\t\t\t\t\t<img decoding=\"async\" width=\"200\" height=\"300\" src=\"https:\/\/onit.oeaw.ac.at\/wp-content\/uploads\/2025\/04\/Kadim-Issue-Cover-Image.jpg\" class=\"attachment-2048x2048 size-2048x2048 wp-image-1572\" alt=\"\" \/>\t\t\t\t\t\t<\/div>\n\t\t\t\t\t\t\t\t\t\t\t\t\t<div class=\"premium-blog-thumbnail-overlay\">\n\t\t\t\t\t\t\t\t<a class=\"elementor-icon\" href=\"https:\/\/onit.oeaw.ac.at\/?p=1570\" target=\"_blank\"><\/a>\n\t\t\t\t\t\t\t<\/div>\n\n\t\t\t\t\t\t\t\t\t\t\t\t\t\t\t\t\t\t<\/div>\n\t\t\t\t\t\t\t\t\t\t\t\t<div class=\"premium-blog-content-wrapper \">\n\n\t\t\t\t\t<div class=\"premium-blog-inner-container\">\n\n\t\t\t\t\t\t\t\t\t\t\t\t\t\t<h2 class=\"premium-blog-entry-title\">\n\t\t\t<a href=\"https:\/\/onit.oeaw.ac.at\/?p=1570\" target=\"_blank\">\n\t\t\t\tONiT in kadim\t\t\t<\/a>\n\t\t<\/h2>\n\t\t\t\t<div class=\"premium-blog-entry-meta\">\n\t\t\t\n\t\t\t\t\t\t\t<span class=\"premium-blog-meta-separator\">\u2022<\/span>\n\t\t\t\t<div class=\"premium-blog-post-time premium-blog-meta-data\">\n\t\t\t\t\t<i class=\"fa fa-calendar-alt\" aria-hidden=\"true\"><\/i>\n\t\t\t\t\t<span>April 23, 2025<\/span>\n\t\t\t\t<\/div>\n\t\t\t\n\t\t\t\n\t\t\t\t\t<\/div>\n\t\t\n\t\t\t\t\t<\/div>\n\n\t\t\t\t\t\t\t<div class=\"premium-blog-content-inner-wrapper\">\n\t\t<p class=\"premium-blog-post-content\">We are very proud to announce that G\u00fcll\u00fc Y\u0131ld\u0131z' article about nature in Ottoman route menuals (menzilnames) just appeared!<\/p><div class=\"premium-blog-excerpt-link-wrap\"><a href=\"https:\/\/onit.oeaw.ac.at\/?p=1570\" target=\"_blank\" class=\"premium-blog-excerpt-link elementor-button\">MORE<\/a><\/div>\t\t<\/div>\n\t\t\t\t\t\t\t\n\t\t\t\t<\/div>\n\t\t\t<\/div>\n\t\t<\/div>\n\n\t\t\t\t<div class=\"premium-blog-post-outer-container\" data-total=\"9\">\n\t\t\t<div class=\"premium-blog-post-container premium-blog-skin-classic\">\n\t\t\t\t\t\t\t\t\t<div class=\"premium-blog-thumb-effect-wrapper\">\n\t\t\t\t\t\t<div class=\"premium-blog-thumbnail-container premium-blog-none-effect\">\n\t\t\t\t\t\t\t<img decoding=\"async\" width=\"1170\" height=\"1916\" src=\"https:\/\/onit.oeaw.ac.at\/wp-content\/uploads\/2025\/02\/National-Geographic.jpg\" class=\"attachment-2048x2048 size-2048x2048 wp-image-1550\" alt=\"\" srcset=\"https:\/\/onit.oeaw.ac.at\/wp-content\/uploads\/2025\/02\/National-Geographic.jpg 1170w, https:\/\/onit.oeaw.ac.at\/wp-content\/uploads\/2025\/02\/National-Geographic-183x300.jpg 183w, https:\/\/onit.oeaw.ac.at\/wp-content\/uploads\/2025\/02\/National-Geographic-625x1024.jpg 625w, https:\/\/onit.oeaw.ac.at\/wp-content\/uploads\/2025\/02\/National-Geographic-768x1258.jpg 768w, https:\/\/onit.oeaw.ac.at\/wp-content\/uploads\/2025\/02\/National-Geographic-938x1536.jpg 938w\" sizes=\"(max-width: 1170px) 100vw, 1170px\" \/>\t\t\t\t\t\t<\/div>\n\t\t\t\t\t\t\t\t\t\t\t\t\t<div class=\"premium-blog-thumbnail-overlay\">\n\t\t\t\t\t\t\t\t<a class=\"elementor-icon\" href=\"https:\/\/onit.oeaw.ac.at\/?p=1549\" target=\"_blank\"><\/a>\n\t\t\t\t\t\t\t<\/div>\n\n\t\t\t\t\t\t\t\t\t\t\t\t\t\t\t\t\t\t<\/div>\n\t\t\t\t\t\t\t\t\t\t\t\t<div class=\"premium-blog-content-wrapper \">\n\n\t\t\t\t\t<div class=\"premium-blog-inner-container\">\n\n\t\t\t\t\t\t\t\t\t\t\t\t\t\t<h2 class=\"premium-blog-entry-title\">\n\t\t\t<a href=\"https:\/\/onit.oeaw.ac.at\/?p=1549\" target=\"_blank\">\n\t\t\t\tONiT in National Geographic\t\t\t<\/a>\n\t\t<\/h2>\n\t\t\t\t<div class=\"premium-blog-entry-meta\">\n\t\t\t\n\t\t\t\t\t\t\t<span class=\"premium-blog-meta-separator\">\u2022<\/span>\n\t\t\t\t<div class=\"premium-blog-post-time premium-blog-meta-data\">\n\t\t\t\t\t<i class=\"fa fa-calendar-alt\" aria-hidden=\"true\"><\/i>\n\t\t\t\t\t<span>February 11, 2025<\/span>\n\t\t\t\t<\/div>\n\t\t\t\n\t\t\t\n\t\t\t\t\t<\/div>\n\t\t\n\t\t\t\t\t<\/div>\n\n\t\t\t\t\t\t\t<div class=\"premium-blog-content-inner-wrapper\">\n\t\t<p class=\"premium-blog-post-content\">We are very proud to announce that an article about our project has been published in National Geographic!<\/p><div class=\"premium-blog-excerpt-link-wrap\"><a href=\"https:\/\/onit.oeaw.ac.at\/?p=1549\" target=\"_blank\" class=\"premium-blog-excerpt-link elementor-button\">MORE<\/a><\/div>\t\t<\/div>\n\t\t\t\t\t\t\t\n\t\t\t\t<\/div>\n\t\t\t<\/div>\n\t\t<\/div>\n\n\t\t\t\t<div class=\"premium-blog-post-outer-container\" data-total=\"9\">\n\t\t\t<div class=\"premium-blog-post-container premium-blog-skin-classic\">\n\t\t\t\t\t\t\t\t\t<div class=\"premium-blog-thumb-effect-wrapper\">\n\t\t\t\t\t\t<div class=\"premium-blog-thumbnail-container premium-blog-none-effect\">\n\t\t\t\t\t\t\t<img loading=\"lazy\" decoding=\"async\" width=\"1483\" height=\"761\" src=\"https:\/\/onit.oeaw.ac.at\/wp-content\/uploads\/2025\/01\/ONiT-Explorer.png\" class=\"attachment-2048x2048 size-2048x2048 wp-image-1535\" alt=\"\" srcset=\"https:\/\/onit.oeaw.ac.at\/wp-content\/uploads\/2025\/01\/ONiT-Explorer.png 1483w, https:\/\/onit.oeaw.ac.at\/wp-content\/uploads\/2025\/01\/ONiT-Explorer-300x154.png 300w, https:\/\/onit.oeaw.ac.at\/wp-content\/uploads\/2025\/01\/ONiT-Explorer-1024x525.png 1024w, https:\/\/onit.oeaw.ac.at\/wp-content\/uploads\/2025\/01\/ONiT-Explorer-768x394.png 768w\" sizes=\"(max-width: 1483px) 100vw, 1483px\" \/>\t\t\t\t\t\t<\/div>\n\t\t\t\t\t\t\t\t\t\t\t\t\t<div class=\"premium-blog-thumbnail-overlay\">\n\t\t\t\t\t\t\t\t<a class=\"elementor-icon\" href=\"https:\/\/onit.oeaw.ac.at\/?p=1534\" target=\"_blank\"><\/a>\n\t\t\t\t\t\t\t<\/div>\n\n\t\t\t\t\t\t\t\t\t\t\t\t\t\t\t\t\t\t<\/div>\n\t\t\t\t\t\t\t\t\t\t\t\t<div class=\"premium-blog-content-wrapper \">\n\n\t\t\t\t\t<div class=\"premium-blog-inner-container\">\n\n\t\t\t\t\t\t\t\t\t\t\t\t\t\t<h2 class=\"premium-blog-entry-title\">\n\t\t\t<a href=\"https:\/\/onit.oeaw.ac.at\/?p=1534\" target=\"_blank\">\n\t\t\t\tONiT Explorer Online via \u00d6NB Labs\t\t\t<\/a>\n\t\t<\/h2>\n\t\t\t\t<div class=\"premium-blog-entry-meta\">\n\t\t\t\n\t\t\t\t\t\t\t<span class=\"premium-blog-meta-separator\">\u2022<\/span>\n\t\t\t\t<div class=\"premium-blog-post-time premium-blog-meta-data\">\n\t\t\t\t\t<i class=\"fa fa-calendar-alt\" aria-hidden=\"true\"><\/i>\n\t\t\t\t\t<span>January 23, 2025<\/span>\n\t\t\t\t<\/div>\n\t\t\t\n\t\t\t\n\t\t\t\t\t<\/div>\n\t\t\n\t\t\t\t\t<\/div>\n\n\t\t\t\t\t\t\t<div class=\"premium-blog-content-inner-wrapper\">\n\t\t<p class=\"premium-blog-post-content\">Explore our collection of c. 20,000 images using text or your own images!<\/p><div class=\"premium-blog-excerpt-link-wrap\"><a href=\"https:\/\/onit.oeaw.ac.at\/?p=1534\" target=\"_blank\" class=\"premium-blog-excerpt-link elementor-button\">MORE<\/a><\/div>\t\t<\/div>\n\t\t\t\t\t\t\t\n\t\t\t\t<\/div>\n\t\t\t<\/div>\n\t\t<\/div>\n\n\t\t\t\t\t\t\t<\/div>\n\n\t\t\n\t\t\n\t\t\t\t\t\t<\/div>\n\t\t\t\t<\/div>\n\t\t\t\t<div class=\"elementor-element elementor-element-ec7d397 elementor-widget elementor-widget-spacer\" data-id=\"ec7d397\" data-element_type=\"widget\" data-e-type=\"widget\" data-widget_type=\"spacer.default\">\n\t\t\t\t<div class=\"elementor-widget-container\">\n\t\t\t\t\t\t\t<div class=\"elementor-spacer\">\n\t\t\t<div class=\"elementor-spacer-inner\"><\/div>\n\t\t<\/div>\n\t\t\t\t\t\t<\/div>\n\t\t\t\t<\/div>\n\t\t\t\t\t<\/div>\n\t\t<\/div>\n\t\t\t\t\t<\/div>\n\t\t<\/section>\n\t\t\t\t<\/div>\n\t\t","protected":false},"excerpt":{"rendered":"<p>Welcome to the ONiT Project! This interdisciplinary Digital Humanities project analyzes Ottoman \u201cnature\u201d&nbsp; in travelogues on the Ottoman empire, printed between 1501 and 1850.&nbsp; The leading questions are what role representations of nature played in the reports, whether and, if so, why differences occurred in diachronic and synchronic perspectives, and how the texts and images [&hellip;]<\/p>\n","protected":false},"author":1,"featured_media":0,"parent":0,"menu_order":0,"comment_status":"closed","ping_status":"closed","template":"","meta":{"footnotes":""},"class_list":["post-7","page","type-page","status-publish","hentry"],"_links":{"self":[{"href":"https:\/\/onit.oeaw.ac.at\/index.php?rest_route=\/wp\/v2\/pages\/7","targetHints":{"allow":["GET"]}}],"collection":[{"href":"https:\/\/onit.oeaw.ac.at\/index.php?rest_route=\/wp\/v2\/pages"}],"about":[{"href":"https:\/\/onit.oeaw.ac.at\/index.php?rest_route=\/wp\/v2\/types\/page"}],"author":[{"embeddable":true,"href":"https:\/\/onit.oeaw.ac.at\/index.php?rest_route=\/wp\/v2\/users\/1"}],"replies":[{"embeddable":true,"href":"https:\/\/onit.oeaw.ac.at\/index.php?rest_route=%2Fwp%2Fv2%2Fcomments&post=7"}],"version-history":[{"count":76,"href":"https:\/\/onit.oeaw.ac.at\/index.php?rest_route=\/wp\/v2\/pages\/7\/revisions"}],"predecessor-version":[{"id":1471,"href":"https:\/\/onit.oeaw.ac.at\/index.php?rest_route=\/wp\/v2\/pages\/7\/revisions\/1471"}],"wp:attachment":[{"href":"https:\/\/onit.oeaw.ac.at\/index.php?rest_route=%2Fwp%2Fv2%2Fmedia&parent=7"}],"curies":[{"name":"wp","href":"https:\/\/api.w.org\/{rel}","templated":true}]}}